 - 3 = 4*z. Let h = -33 + 88. Let c = h + i. List the prime factors of c.
2, 31
Let y(i) = 6*i + 264. Let g(f) = -2*f**2 + 2. Let k be g(-1). List the prime factors of y(k).
2, 3, 11
Let d be (-9 + 256/24)/((-2)/(-138)). Suppose 0 = 5*u - 2*f + 3*f + 338, -5*f - 126 = 2*u. Let b = u + d. What are the prime factors of b?
47
Suppose 43*i - 89*i + 43148 = 0. What are the prime factors of i?
2, 7, 67
Suppose 0 = -a - g + 2515, 36*a = 35*a - 4*g + 2530. List the prime factors of a.
2, 5, 251
Let g(a) = 6*a + 24. Let i(y) = -2*y + 1. Let u(k) = g(k) - 2*i(k). Let l be 1/(1 + 3/(-4)). List the prime factors of u(l).
2, 31
Suppose 51*t + 44*t - 86*t = 85896. What are the prime factors of t?
2, 1193
Let o(a) = a**3 + 7*a**2 - 4*a - 16. Let x(v) = v**3 - 5*v**2 + 5*v + 4. Let l be x(3). Suppose -l = 3*q + 5*w, 8 = -3*w + 20. List the prime factors of o(q).
2, 3
Let m = 4530 + -3184. What are the prime factors of m?
2, 673
Let b(k) = -17*k**3 + 12*k**2 + 17*k + 6. What are the prime factors of b(-7)?
2, 3, 1051
Suppose o + 21 = d + 16766, -3*d + 33490 = 2*o. What are the prime factors of o?
5, 17, 197
Let i be (-1*(-5)/2)/((-129)/(-258)). Suppose -3*f + 2667 = -3*r, -f = 2*f - i*r - 2671. List the prime factors of f.
887
Suppose 2*n - 2*z - 6 = 0, 6*z + 10 = 5*n + 2*z. Let q be -1 - 1 - (n - -4 - 68). Let s = q - 33. List the prime factors of s.
31
Let i = 50 + -52. Let l = 5 + i. Suppose -l*y = -4*j + 209, -4*j + 185 = 2*y + 3*y. List the prime factors of j.
2, 5
Let f be (6/18)/((-1)/(-30)). List the prime factors of 1 - (2/f - (-37587)/(-85)).
443
Suppose 2*r = -f + 4, 0*r + 23 = 5*r - 4*f. Suppose r*c - 893 = 34. What are the prime factors of c?
3, 103
Suppose -n = -w - 0*n + 8, n = -5*w + 34. Let l = -361 + 370. Suppose w*d + 200 = l*d. What are the prime factors of d?
2, 5
Let s be (-84)/(-10) + 14/(-35). Let g(u) = u - 17. Let b(t) = 5*t - 83. Let x(f) = 2*b(f) - 11*g(f). What are the prime factors of x(s)?
13
Let n be 2 + 0*(-3)/6. Suppose -n*l - k = -81, 5*l + 3*k - 202 = -0*k. Suppose -7*x + 8 + l = 0. What are the prime factors of x?
7
Let s(q) = 159*q**2 - 114*q - 879. What are the prime factors of s(-9)?
2, 3, 13, 167
Suppose -3999*i - 1382502 = -4021*i. List the prime factors of i.
3, 20947
Let s be -4 - 1 - (-15)/3. Suppose s = -8*f + 4*f + 24. Suppose f*r - 10*r = -212. List the prime factors of r.
53
Suppose -52*t + 50*t + 14 = 0. Suppose -t*f + 10731 - 364 = 0. List the prime factors of f.
1481
Let h(i) = i**3 - 5*i**2 - 2*i + 10. Let l be h(8). Suppose -l = 4*w - 1178. Suppose -k + w = 50. What are the prime factors of k?
2, 3, 11
Let j = -34 + 13. Let w(b) = -b + 26. Let u(x) = -x - 1. Let o(f) = 4*u(f) + w(f). List the prime factors of o(j).
127
Let z = -34698 + 87736. List the prime factors of z.
2, 23, 1153
Suppose 0 = 2*q - 4*h - h - 105284, -5*q + 5*h = -263195. List the prime factors of q.
13, 4049
Let r be ((-6)/(-9))/((-10)/(-495)). Suppose 4*u + 62 = 5*s, 5*u = -3*s - r + 85. Suppose -7*i + 8*i = s. What are the prime factors of i?
2, 7
Let t = -47 - -59. Let d be (9/t - 1) + (-1455)/(-12). Suppose 0 = -5*m - 4*v + 107, -m + 6*m = 3*v + d. List the prime factors of m.
23
Suppose 6*x = -2*r + 2*x + 2158, -2*x - 10 = 0. Let f = r + -702. List the prime factors of f.
3, 43
Let a = 1409 + 3689. List the prime factors of a.
2, 2549
Suppose 2*z - 2 = 2*k, -6*k + 4*z - 22 = -11*k. Suppose c - 16 = -k*d + 24, -d = -c - 20. Suppose -4*q + 5*q = d. What are the prime factors of q?
2, 5
Suppose -5*m + 46 - 36 = 0. Suppose 0*v - 12826 = -2*v + 4*u, m*u = 2*v - 12818. List the prime factors of v/(-35)*1*1*-1.
3, 61
Suppose -4*w + 12*w = 32. Suppose 6*h - 7*h + d = -246, w*h - 2*d = 976. List the prime factors of h.
2, 11
Suppose 3*l - 255 = -0*l. Suppose 349*w + 3165 = 334*w. Let u = l - w. What are the prime factors of u?
2, 37
Let o be 3/(2 - (-2 + 25/10)). What are the prime factors of (3 - 3 - 1) + o*74?
3, 7
Suppose 0*h + 10233 = -27*h. Let f = -224 - h. What are the prime factors of f?
5, 31
Let b = 2578 + -2214. What are the prime factors of b?
2, 7, 13
Let o be 3256/(-32) - 2/8. Let p = 105 + o. What are the prime factors of 87/6 + p/(-2)?
13
Let m(a) = -9*a - 432. Let g(f) = -4*f - 216. Let j(b) = -7*g(b) + 3*m(b). What are the prime factors of j(45)?
3, 29
Suppose -26*g + 9*g - 603165 = -32*g. List the prime factors of g.
79, 509
Suppose 63*j - 54 = 45*j. List the prime factors of (4/j + -2)*(-58359)/98.
397
Suppose i + 17 = -4*h, i + 10 = -4*i - 5*h. Let z(n) = -n + 1. Let g be z(i). Let x = g - -62. What are the prime factors of x?
2, 3, 5
Suppose -5070 = -c + 4*w + w, -5*c + 25462 = 3*w. What are the prime factors of c?
2, 5, 509
Suppose 0 = 3*r + a - 1 - 9, 5*a = 2*r - 1. Suppose r*d - 951 = -4*i, 3*d - 4*i - 951 = i. List the prime factors of d.
317
Let z(b) = 7*b**3 + b**2 + 17*b - 18. Let q be z(1). List the prime factors of (-2361)/(-7) + -4*q/98.
337
Suppose 2*o - 3*q - 2892 = 0, -36*o + 40*o - 5812 = -q. What are the prime factors of o?
2, 3, 11
List the prime factors of (-2568)/24*(-12 + -346).
2, 107, 179
List the prime factors of (-6)/(-36) + 68028/72.
3, 5, 7
Let c = 72 - 23. Let m = c + -37. Suppose -6*l + 120 + m = 0. What are the prime factors of l?
2, 11
Let s(d) = 135*d + 6. Let i = -64 + 62. Let u be s(i). What are the prime factors of (-13944)/u + 4/22?
53
Let n(z) = z**2 + 15*z + 1. Let l be n(-15). Let h be (-3)/(-6)*(-6 + 4). List the prime factors of (36 - 35) + h*l*-173.
2, 3, 29
Let w(l) = 49831*l**2 - 3*l - 4. List the prime factors of w(-1).
2, 3, 5, 11, 151
Let h be 7/(10/(-6) + 2). Let i be (-2)/(-7) - 6/h. Suppose i = -3*c - 40 + 220. List the prime factors of c.
2, 3, 5
Let d = -343 - -277. Let y = d - -104. What are the prime factors of y?
2, 19
Let q = -49 + 51. Suppose -3*k + 4*w + 41 = 10, -q*k = w - 6. Suppose 0 = -2*y - u + 189, 3*y - 8 = -k*u + 265. List the prime factors of y.
2, 3
Suppose -17*r + 19*r = -12, 2*r = -o + 11216. List the prime factors of o.
2, 7, 401
Let y(n) = 14*n - 39*n + 10*n + 10*n + 67. List the prime factors of y(-4).
3, 29
Suppose 0 = -124*u + 120*u + 148. List the prime factors of u/(-37)*3522/3*-1.
2, 587
Let r(g) = -13*g - 11. Let q(f) = 13*f + 11. Let h(o) = 2*q(o) + 3*r(o). Let b be h(-2). What are the prime factors of (58/(-145))/(1/b*-1)?
2, 3
Let p be ((-4740)/(-9))/(153/27 + -5). List the prime factors of (((-18)/(-3))/3)/(5/p).
2, 79
Suppose 3*r + 15*i - 10*i - 26 = 0, 4*i - 20 = -2*r. Suppose 2*h - r*j = 262 + 70, 2*h = -j + 317. What are the prime factors of h?
7, 23
Suppose 9*f + 434 - 614 = 0. Let m(u) = u**3 - 2*u**2 + 3*u - 2. Let v be m(2). Suppose f = -v*g, -197 = -4*d - 3*g + 272. List the prime factors of d.
11
What are the prime factors of (12364/(-55))/((-11)/55)?
2, 281
Suppose -3*g + 2*o = -134000 - 32762, 3*o - 111179 = -2*g. What are the prime factors of g?
2, 13, 1069
Let c = -46 + 48. Suppose -5 = -c*o + 13. Suppose 0 = o*z - 12*z + 252. List the prime factors of z.
2, 3, 7
Suppose 3794 = 4*d - 5*w, -5*d - 3*w - 7 + 4731 = 0. List the prime factors of d.
2, 11, 43
Suppose -388 + 420 = 16*j. Suppose 3*u - 6*u + 183 = 0. Suppose u = s + j. What are the prime factors of s?
59
Let r = 109 - 191. Let y be 262/(-2*(-4)/(-4)). Let m = r - y. List the prime factors of m.
7
Let k = -565 - -187. Let c = -88 - k. What are the prime factors of c?
2, 5, 29
Let v = -251 - 126. Let q = v + 1490. What are the prime factors of q?
3, 7, 53
Let x be (-5)/(-60)*-3*-20*1. Suppose 2028 = x*i + 2*d, 4*d - 203 = -2*i + 621. What are the prime factors of i?
2, 101
Let u(f) be the third derivative of f**5/4 - 4*f**4/3 + 71*f**3/3 - 112*f**2. List the prime factors of u(6).
2, 5, 7
Suppose -19*w + 200 = 67. Suppose 0 = w*n - 6084 - 3849. What are the prime factors of n?
3, 11, 43
Suppose -l + 3881 = 3*d, 18*l - 3873 = -3*d + 21*l. List the prime factors of d.
3, 431
Let q(s) = -s. Let t(k) = -92*k + 7. Let l(f) = q(f) - t(f). List the prime factors of l(2).
5, 7
Let n(i) = 3*i**2 - 2*i - 1. Let s be 1*-1*-2*(-4)/(-8). Let b be n(s). Suppose b = m + 2, 0*m - 245 = -y - 2*m. What are the prime factors of y?
3, 83
Let w = -17671 + 25030. What are the prime factors of w?
3, 11, 223
Let f(o) = o**3 - 7*o**2 + 2*o + 29. Let l be f(7). Let d = 46 - l. List the prime 